 of o?
7
Suppose 0 = -2*s + s + 3. Let c = 2 + -2. Let g = s + c. What is the units digit of g?
3
What is the hundreds digit of (52/10)/(5*1/100)?
1
Suppose -1092 = -6*x - 108. What is the units digit of x?
4
Let z(o) = 8*o + 38. What is the hundreds digit of z(9)?
1
Suppose 15 = f - 3. What is the tens digit of f?
1
What is the tens digit of (-4294)/(-26) + (-44)/286?
6
Suppose 4*h - 6*h = -16. Suppose -3*j + 0*j + 18 = -3*i, 0 = 4*i - h. What is the units digit of j?
8
Suppose 399 = -59*a + 62*a. What is the tens digit of a?
3
Let b be 3 - (2 - 2/1). Suppose b*d = 15, -4*a - 4*d = -11 - 25. Suppose a*s - 26 = 18. What is the units digit of s?
1
Let z = 4 + 11. What is the tens digit of z?
1
Suppose 4*m + 21 = 5*r, 4*r - 2*m = 2*m + 16. Suppose 36 = -r*u + 151. What is the tens digit of u?
2
Let r be ((-30)/(-5))/((-1)/(-7)). Suppose -5*d + 3*y + r = 0, -14 = 5*y + 6. Suppose 3*v - d - 12 = 0. What is the units digit of v?
6
Let w(d) = d**3 - d**2 + d + 4. Let g be w(4). Suppose 4*c + 3*s - g = 0, c + s = 6*s - 9. What is the units digit of c?
1
Let z = 8 + -4. Suppose -z*s + 3*s + 9 = 0. What is the units digit of s?
9
Suppose 4*t + 16 = -0*t. What is the units digit of (-6)/t*(-12)/(-6)?
3
Let m(h) = h**2 - 2*h - 1. Let t be m(3). Suppose -t*q - 1 + 7 = 0. Suppose -2*l - 6 = -2*o, 2 + 8 = -2*l + q*o. What is the units digit of l?
1
Let d be 1 - 2/(-1*2). Suppose 0 = -0*g + d*g. Let n = 3 - g. What is the units digit of n?
3
Suppose 0 = d - 2*d + 9. Let t be 2/(-8) - (-26)/8. Suppose -t*o = -2*o + q - 6, 5*o - 2*q - d = 0. What is the units digit of o?
3
Let a(r) = 11*r**2 - 2*r + 1. Let k be a(1). Let p(f) = -f**2 - 2*f. Let l be p(-3). What is the units digit of (8/l)/(k/(-15))?
4
Let v(c) = 2*c + 6. Let g = 9 + -15. Let o be v(g). Let t(f) = -f**3 - 5*f**2 + 5*f + 7. What is the tens digit of t(o)?
1
Suppose 3*t + t = 24. Let m be t/9 + (-4)/(-3). Suppose -2*n + 31 = n - m*q, -23 = -4*n - q. What is the units digit of n?
7
Let g(x) = -2*x**3 - 9*x**2 - 3*x - 9. What is the tens digit of g(-6)?
1
Suppose 2*g - 2 = 2*k, 4*g - k + 0*k + 8 = 0. Let y be (g/(-9))/((-1)/(-3)). Suppose 5*a - y = 4. What is the units digit of a?
1
Let y(g) = 4*g - 3. Let o be y(2). Let p(s) = -o*s + 3*s - 2*s - s**2 + 7. What is the units digit of p(-5)?
2
Let z(g) = g**2 - 8*g + 9. Let u be z(7). Suppose -5 = u*l - 15. What is the units digit of l?
5
Suppose 0*a - 5*a = -60. What is the tens digit of a?
1
Let y(f) = 14*f - 19. What is the units digit of y(9)?
7
Suppose a + 0*a - j = 6, -2*a - 3*j = -7. Suppose 0 = a*g - 0*g - 40. What is the units digit of g?
8
Suppose 3*k - 3*d - 156 = -36, -5*k - 2*d + 214 = 0. What is the units digit of k?
2
Let i(w) = w**2 + 7*w + 7. What is the tens digit of i(-8)?
1
Let m(g) = -g**3 - 17*g**2 - 19*g - 4. Let u be m(-16). Let c = u - 23. What is the units digit of c?
1
Suppose 46 = 6*o - 4*o. Let p = o + -12. What is the tens digit of p?
1
Let d be 6/4 + (-5)/10. Suppose 2*g - d = 3. What is the units digit of g?
2
Suppose 3*o = 2*l + 4*o - 87, 2*l - 86 = -2*o. What is the units digit of l?
4
Let f(h) = -h**2 - 2*h - 2. Let c be f(-2). What is the tens digit of (-44 + (3 - 1))/c?
2
Let g be (-98)/(-34) + (-10)/(-85). Suppose 2*r - 12 = -2*x, -r + 2*r + g*x = -2. What is the tens digit of r?
1
Let k be (4/(-4))/((-1)/(-2)). Let c be k - (-1)/(1/2). Let d = c + 4. What is the units digit of d?
4
Suppose 132 = 4*y - 0*y. What is the tens digit of y?
3
Suppose 0 = 3*v + 9, -2*t + 3*v - 8*v = 19. What is the tens digit of (t/(-3))/(2/93)?
3
Let r be (12/10)/(33/(-220)). Let t(f) = f**2 + 2*f - 7. What is the tens digit of t(r)?
4
Let v be 0 - (2 + -1 + 9). Let b be (5/v)/((-2)/24). What is the units digit of 1/2*b + -2?
1
Suppose 0 = 7*l - 2*l - 145. Suppose -5*y = 2*g - 4*y - l, 2*y = -3*g + 46. What is the units digit of g?
2
Suppose 0*s - 5*l = 5*s - 85, 3*s - 3*l - 27 = 0. What is the tens digit of s?
1
Let a(n) be the second derivative of -7/2*n**2 + 7/6*n**3 + 0 + 1/3*n**4 - 1/20*n**5 - n. What is the units digit of a(5)?
3
Let s = 111 - 77. What is the units digit of (9/(-18))/((-1)/s)?
7
Suppose -3*w + 263 = a, -w + 3*a = -0*a - 81. What is the units digit of w?
7
Suppose -t + 2*n + 1 = 0, -3*t + 8 = -2*n + n. What is the units digit of t?
3
Let y(h) = -h + 5. Let m be (-2 + 1)/(2/12). What is the units digit of y(m)?
1
Suppose -q = 5*c + 45, 3*c + 2*q + q = -39. Let m = -11 - c. Let b = 10 - m. What is the units digit of b?
3
Let u be (10 - 9)/(1/3). Let m(p) = p**2 + 5*p + 3. Let x be m(-5). Suppose 5 = 2*b + u*w, -5*b + x*b + 5*w = -29. What is the units digit of b?
7
Let v(n) = -n**2 + 14*n - 6. What is the units digit of v(10)?
4
Suppose -32 - 4 = -2*n. What is the units digit of n?
8
What is the tens digit of 219 + (0 - 1) + 2?
2
Let c(y) = y**2 + 5*y + 1. Let r be c(-6). Suppose 2*h = -3*h. Suppose h = a - r. What is the units digit of a?
7
Let m = -30 + 58. What is the tens digit of m?
2
Suppose -4*n + 4*p = -n - 33, 3*n - 3*p - 30 = 0. Let a(y) = 2*y - 1. What is the units digit of a(n)?
3
Let h be (4 - 3)/(2/70). Suppose 5*y + 4 = -4*j + 20, 4*y = 4*j - 16. Suppose j*c + 2*n - 52 = 0, 0 = 3*c + n - 5 - h. What is the tens digit of c?
1
Let o = 6 + -8. Let b be 0*(o + (-15)/(-9)). Suppose x + 5*y + 4 = -3, -2*x - y + 13 = b. What is the units digit of x?
8
Suppose -2*g = 2*n - 2, -2*g = 5*n + g - 5. Suppose 4*w = -n + 21. Suppose 0*d + w*d = 15. What is the units digit of d?
3
Suppose -20 = -p - 3*p. Suppose -3*x + 3 = 0, p*k + 5 + 0 = 5*x. Suppose 4*v - 21 - 7 = k. What is the units digit of v?
7
Let j = 4 + 0. Suppose -3 = 2*x + 3*r, 4*x + 5*r + 5 - j = 0. What is the units digit of x?
6
Suppose 0*g + 2*r + 6 = -5*g, -3*r - 9 = 0. Suppose -5*h - 5*n + 55 = g, -4*h - 5*n = -27 - 22. What is the units digit of h?
6
Suppose -112 = 6*u - 8*u. Suppose 0*p + 5*p = -2*s + 105, 2*p - 2*s - u = 0. What is the units digit of p?
3
Let p(l) = l + 23. What is the units digit of p(-13)?
0
Suppose 4*w = 5*w. Suppose -2*v + 68 + 46 = w. Suppose 0 = -4*o + 5*a + v, -2*a + a + 11 = 2*o. What is the units digit of o?
8
Suppose -3*i - 4*l + 65 = -3*l, -4*i = -3*l - 65. What is the units digit of i?
0
Let j be (-4 - -3)/(1/7). What is the units digit of -3 + 3/((-3)/j)?
4
Let n(q) = 2*q**2 + 6*q - 10. What is the tens digit of n(4)?
4
Suppose -6 = -2*n, -5*p + 150 = 4*n - 112. Suppose p = -2*x - 3*x. What is the units digit of ((-6)/x)/(2/10)?
3
Let o = 0 + -3. What is the units digit of -1*o/3*13?
3
Let q = 10 - 22. What is the tens digit of (56/q + 2)*-18?
4
Suppose 15 = 2*s - 4*o + 5*o, 5*o = -4*s + 27. What is the units digit of s?
8
Let b = 42 - 18. Suppose -2*r - 12 = -j + b, 0 = -j - 2*r + 20. What is the units digit of j?
8
Let c be 2/(-4) + (-31)/(-2). Let u = c - 12. What is the units digit of u?
3
Let z(p) = -p**3 - 6*p**2 - p - 4. Let m be z(-6). Let a(u) = u + 1. Let d be a(-1). Let r = m + d. What is the units digit of r?
2
Let g = -6 - 5. Let b = 27 - 8. Let r = g + b. What is the units digit of r?
8
Let h be ((-12)/15)/((-4)/10). Suppose 3*s - 7 = h. Suppose -41 = -4*p + s. What is the tens digit of p?
1
Let k = 216 + -104. What is the hundreds digit of k?
1
Suppose -14 = -4*t + 146. Let d = -23 + t. What is the tens digit of d?
1
Suppose 0 = 2*o + 3*p - 543, -2*o + 200 = -2*p - 368. What is the units digit of (-2)/7 - o/(-21)?
3
Suppose 228 = 4*s + 3*r, s - 5*s = -r - 212. What is the tens digit of s?
5
Let w(l) = 2*l**2 - 3*l + 7. Let r be w(-7). Let q be r/8 + 6/24. Let j = q - -3. What is the tens digit of j?
1
Suppose -10 - 10 = -x. Suppose j + v - 1 = 0, 0 = -j - 3*j + 4*v + x. Suppose j*p = 5*a - 23, 2*a - a = p + 5. What is the units digit of a?
4
Suppose -148 = -4*u - 5*f, f - 79 = -5*u + 127. What is the units digit of u?
2
Suppose 2*x - 3*l = 2*l + 12, 2*x - 4 = 3*l. Let b = x + -3. Let g = b + 17. What is the units digit of g?
0
Suppose 0*h + 5*h - 70 = -4*r, -3*r = 4*h - 55. Suppose 2*w - h = -0*w. Suppose 2*u + 5*l = 8, 0*u + 3*u - w*l = 62. What is the tens digit of u?
1
Let r be (6/8)/((-1)/(-12)). Suppose r + 11 = 5*s. Let a = 5 + s. What is the units digit of a?
9
Suppose 67 = 5*n + 22. Let a = n - 4. What is the units digit of a?
5
Suppose 0 = 5*k - 266 + 26. Suppose 2*j + k = 6*j. What is t